ue
Is 656839882 a composite number?
True
Is 168043877 prime?
True
Is 19596671 a composite number?
True
Is 10325654 a prime number?
False
Is 817519 a prime number?
True
Is 979031 a prime number?
True
Is 510677 a composite number?
False
Is 4578131 a prime number?
False
Is 106558399 a composite number?
True
Is 145469789 a prime number?
False
Is 38114117 prime?
True
Is 755647 a composite number?
True
Is 7573737 a composite number?
True
Is 18534377 prime?
True
Is 11017409 prime?
False
Is 62712917 prime?
True
Is 1242089 prime?
True
Is 15539317 prime?
True
Is 338402551 a composite number?
False
Is 17236187 a composite number?
False
Is 2015526527 a prime number?
False
Is 13744433 a composite number?
False
Is 17695739 a composite number?
False
Is 2414957 prime?
False
Is 35006633 a prime number?
True
Is 1369015 prime?
False
Is 1968671 a prime number?
False
Is 6589883 a prime number?
True
Is 704594129 prime?
False
Is 107566343 composite?
False
Is 237563155 composite?
True
Is 23584999 prime?
False
Is 991619 a composite number?
False
Is 9489457 prime?
True
Is 45767753 a prime number?
False
Is 48465509 a composite number?
True
Is 10507583 prime?
False
Is 208128721 a prime number?
False
Is 61114871 composite?
False
Is 1643021 a composite number?
False
Is 8299891 a composite number?
False
Is 194838586 prime?
False
Is 1005191167 a prime number?
True
Is 207210581 a composite number?
False
Is 6307993 prime?
False
Is 14022971 a composite number?
False
Is 8335387 a prime number?
True
Is 854339 composite?
True
Is 4189037 a composite number?
True
Is 513901 composite?
True
Is 318259 composite?
False
Is 16605283 a composite number?
False
Is 392713 a composite number?
True
Is 148360739 a composite number?
False
Is 39884102 prime?
False
Is 64229 composite?
True
Is 22143029 prime?
False
Is 9213733 a prime number?
True
Is 2536277 composite?
True
Is 552155 composite?
True
Is 790073 a prime number?
False
Is 39051271 composite?
True
Is 2503103 a composite number?
False
Is 3374783 prime?
True
Is 32761061 composite?
False
Is 5188901 a composite number?
False
Is 10915315 composite?
True
Is 90559307 composite?
False
Is 2603147 a composite number?
True
Is 1203347 a composite number?
True
Is 5552279 prime?
False
Is 87853 a composite number?
False
Is 970687 composite?
False
Is 3583513 a prime number?
False
Is 103682914 a prime number?
False
Is 63572573 a prime number?
False
Is 79991059 prime?
False
Is 13119581 a composite number?
False
Is 2818615 prime?
False
Is 600348709 a composite number?
False
Is 10437617 a composite number?
True
Is 2956307 a composite number?
False
Is 2641277 composite?
False
Is 5801581 a composite number?
True
Is 3726017 prime?
False
Is 1458971 composite?
False
Is 34467746 prime?
False
Is 14281691 a prime number?
False
Is 978061871 a prime number?
False
Is 10882229 a composite number?
True
Is 13327013 a prime number?
False
Is 736199 a prime number?
False
Is 46304717 composite?
False
Is 513082537 prime?
False
Is 75976855 a prime number?
False
Is 1783129 a composite number?
False
Is 79621501 a prime number?
False
Is 182387 a prime number?
True
Is 816142898 a prime number?
False
Is 6401713 a prime number?
True
Is 10857713 a prime number?
False
Is 21741241 composite?
False
Is 80565223 a composite number?
False
Is 27981797 composite?
False
Is 250393639 a prime number?
True
Is 896327 prime?
True
Is 141497539 composite?
True
Is 28528529 a prime number?
True
Is 9283627 prime?
False
Is 246762323 prime?
False
Is 40740893 composite?
True
Is 15375557 composite?
False
Is 4196021 composite?
True
Is 334987 a prime number?
True
Is 360263 prime?
False
Is 2346697 prime?
False
Is 12058999 a composite number?
True
Is 4526723 a composite number?
False
Is 66367969 a prime number?
False
Is 528569033 prime?
True
Is 143112059 composite?
False
Is 1066619 prime?
True
Is 1449779 a prime number?
True
Is 706595177 composite?
False
Is 799503521 a composite number?
False
Is 7396171 a prime number?
True
Is 16339439 a composite number?
True
Is 44565661 composite?
True
Is 24019873 a composite number?
False
Is 67912961 a prime number?
True
Is 12960965 a prime number?
False
Is 329937911 a composite number?
True
Is 245079077 prime?
True
Is 286302791 composite?
False
Is 20125489 prime?
False
Is 107847203 a composite number?
False
Is 87505829 composite?
True
Is 68334122 composite?
True
Is 39495149 a composite number?
True
Is 25781793 a composite number?
True
Is 862668707 a prime number?
True
Is 232615 composite?
True
Is 200794135 prime?
False
Is 81319951 a prime number?
False
Is 257487 a composite number?
True
Is 8273751 a composite number?
True
Is 344290451 prime?
False
Is 151291411 a composite number?
True
Is 59577151 composite?
True
Is 11953947 a composite number?
True
Is 9500401 prime?
True
Is 438850949 prime?
False
Is 3414505 a composite number?
True
Is 36243173 composite?
False
Is 4569683 a composite number?
False
Is 64709 a composite number?
False
Is 10469653 a prime number?
False
Is 4358593 a composite number?
False
Is 1375603 a composite number?
True
Is 2665931 a composite number?
False
Is 3629191 a composite number?
True
Is 461290861 composite?
False
Is 928332599 a composite number?
True
Is 319996723 a composite number?
True
Is 45755497 a composite number?
False
Is 2076419 a prime number?
True
Is 29662963 a composite number?
True
Is 3105211 prime?
True
Is 34894283 prime?
True
Is 254856491 prime?
False
Is 869192357 composite?
True
Is 12342713 a prime number?
False
Is 9705329 a composite number?
False
Is 3786262 prime?
False
Is 101315323 composite?
True
Is 1967039 prime?
True
Is 1172426251 a prime number?
True
Is 7936723 a prime number?
True
Is 34094563 a composite number?
False
Is 935819 composite?
False
Is 299290699 a composite number?
False
Is 124847 composite?
False
Is 365747 a composite number?
False
Is 281733 a prime number?
False
Is 14048597 composite?
False
Is 319284991 a composite number?
True
Is 4442903 prime?
False
Is 3120301 a prime number?
False
Is 72671647 prime?
False
Is 7177951 a composite number?
True
Is 479058673 prime?
False
Is 86015701 a prime number?
True
Is 53070673 prime?
True
Is 10423121 prime?
True
Is 5884807 composite?
False
Is 71860567 a composite number?
True
Is 266475301 composite?
False
Is 5542507 a prime number?
True
Is 822713 composite?
False
Is 237162469 a composite number?
False
Is 3491533 composite?
False
Is 11856193 a composite number?
False
Is 132017 a prime number?
False
Is 4553247 a composite number?
True
Is 5709857 composite?
False
Is 708283 a prime number?
True
Is 42987629 a prime number?
True
Is 14610481 a prime number?
True
Is 79925539 composite?
False
Is 1699183 a prime number?
False
Is 190972987 composite?
False
Is 10520485 prime?
False
Is 14748767 prime?
False
Is 1845979 a prime number?
False
Is 5560679 composite?
False
Is 43159 composite?
False
Is 56246389 a prime number?
True
Is 32241257 composite?
False
Is 837359 a prime number?
True
Is 5462133 a composite number?
True
Is 97973639 a prime number?
False
Is 28065409 a composite number?
True
Is 6173459 a composite number?
False
Is 163090937 prime?
True
Is 39403633 prime?
False
Is 129747273 a prime number?
False
Is 37310177 a composite number?
True
Is 354953 a composite number?
False
Is 59933 composite?
True
Is 203923373 a composite number?
False
Is 2176939 a prime number?
True
Is 82768429 a composite number?
False
Is 4771939 a composite number?
False
Is 3450479 a composite number?
True
Is 840223 composite?
False
Is 5262757 prime?
True
Is 20779091 composite?
False
Is 8149459 composite?
False
Is 29691499 a prime number?
True
Is 7107189 a prime number?
False
Is 185911349 a prime number?
False
Is 40776671 a prime number?
False
Is 12882751 prime?
False
Is 32118073 a prime number?
False
Is 15063571 prime?
False
Is 10879751 a composite number?
False
Is 4892257 prime?
True
Is 53508803 composite?
False
Is 20483021 a composite number?
True
Is 127242187 composite?
True
Is 8949299 composite?
False
Is 1352474953 a prime number?
False
Is 98828137 a prime number?
True
Is 109987 a prime number?
True
Is 16541773 composite?
False
Is 213056609 a composite number?
False
Is 2137547 a prime number?
True
Is 139845379 a prime number?
False
Is 526613759 composite?
True
Is 38970121 a prime number?
False
Is 438839 co